{"id":14,"date":"2016-09-01T17:19:26","date_gmt":"2016-09-01T15:19:26","guid":{"rendered":"http:\/\/www.bossche100.nl\/wb100p\/?page_id=14"},"modified":"2025-10-23T22:17:16","modified_gmt":"2025-10-23T20:17:16","slug":"bijzonderheden-vast","status":"publish","type":"page","link":"https:\/\/www.bossche100.nl\/?page_id=14","title":{"rendered":"Algemene informatie"},"content":{"rendered":"<h2>Algemene informatie 37e Bossche 100<\/h2>\n<blockquote class=\"wp-embedded-content\" data-secret=\"cMjmTPNf53\"><p><a href=\"https:\/\/www.bossche100.nl\/?page_id=1871\">Reglement 37e editie Bossche 100 op 23 en 24 januari 2026<\/a><\/p><\/blockquote>\n<p><iframe loading=\"lazy\" class=\"wp-embedded-content\" sandbox=\"allow-scripts\" security=\"restricted\" style=\"position: absolute; visibility: hidden;\" title=\"&#8220;Reglement 37e editie Bossche 100 op 23 en 24 januari 2026&#8221; &#8212; Stichting Bossche 100\" src=\"https:\/\/www.bossche100.nl\/?page_id=1871&#038;embed=true#?secret=UfmSBwOkSv#?secret=cMjmTPNf53\" data-secret=\"cMjmTPNf53\" width=\"600\" height=\"338\" frameborder=\"0\" marginwidth=\"0\" marginheight=\"0\" scrolling=\"no\"><\/iframe><\/p>\n<p><span style=\"color: #000000;\">Vanaf 2026 zal een deel van de Bossche 100 niet meer gepijld zijn. We beginnen voorzichtig, met een traject overdag van ca. 15 km. Ben je nog niet zo handig met de GPS en met gpx-bestanden? Oefen dan nu met deze drie trainingsroutes:<\/span><\/p>\n<p><a href=\"https:\/\/www.bossche100.nl\/?page_id=2377\">GPS-oefenroutes<\/a><\/p>\n<p>&nbsp;<\/p>\n<table style=\"height: 2110px;\" border=\"1\" width=\"996\">\n<tbody>\n<tr valign=\"top\">\n<th scope=\"row\" width=\"25%\">Opening inschrijving<\/th>\n<td colspan=\"2\">Donderdag 30 oktober 2025 om 20.00 uur.<\/td>\n<\/tr>\n<tr valign=\"top\">\n<th scope=\"row\" width=\"25%\">Starttijd<\/th>\n<td colspan=\"2\">Vrijdag 23 januari 2026 om 22.00 uur precies.<\/td>\n<\/tr>\n<tr valign=\"top\">\n<th scope=\"row\">Finishtijd<\/th>\n<td colspan=\"2\">Uiterlijk zaterdag 24 januari 2026 om 18.00 uur.<\/td>\n<\/tr>\n<tr valign=\"top\">\n<th scope=\"row\">Start-\/Finishplaats<\/th>\n<td colspan=\"2\"><strong>Voetbalvereniging\u00a0S.V. CHC<\/strong><br \/>\nDe Fuik 8\u201310 (Kooikersweg), 5223 KT \u00a0&#8216;s-Hertogenbosch. Tel: 073 &#8211; 62 40 495<br \/>\nBij de start is kleed- en douchegelegenheid aanwezig.<br \/>\nHet startbureau is gelegen op ca. 1.500 m vanaf NS-station \u2019s-Hertogenbosch.<br \/>\nTreinreizigers kunnen van <span class=\"accent\">\u00b1 20.00 tot \u00b1 21.30 uur<\/span> aan de achterkant van het station (Paleiskwartier) worden afgehaald door de B100-pendelservice.<br \/>\nDeze pendeldienst kan u zaterdag ook weer naar het station brengen; dan rijden ze tot 18.30 uur.<\/td>\n<\/tr>\n<tr valign=\"top\">\n<th scope=\"row\">Plattegrond<\/th>\n<td colspan=\"2\"><iframe loading=\"lazy\" src=\"https:\/\/www.openstreetmap.org\/export\/embed.html?bbox=5.263738632202149%2C51.68696442328093%2C5.292062759399414%2C51.700305211734765&amp;layer=mapnik&amp;marker=51.6936353090494%2C5.277900695800781\" width=\"620\" height=\"350\" frameborder=\"0\"><\/iframe><br \/>\n<small><a href=\"https:\/\/www.openstreetmap.org\/?mlat=51.6936&amp;mlon=5.2779#map=16\/51.6936\/5.2779\">Bekijk op een grotere kaart<\/a><\/small><\/td>\n<\/tr>\n<tr valign=\"top\">\n<th scope=\"row\">Parkeren<\/th>\n<td colspan=\"2\">Gezien de ervaringen van de afgelopen jaren, is het raadzaam om de auto <span class=\"accent\">NIET op de<br \/>\n<span style=\"color: #800000;\"><strong><span style=\"text-decoration: underline;\">niet-bewaakte parkeerplaats<\/span><\/strong><\/span><\/span> van S.V. CHC te parkeren, maar elders in de wijk.<\/td>\n<\/tr>\n<tr valign=\"top\">\n<th scope=\"row\">Inschrijving en inschrijfgeld<\/th>\n<td colspan=\"2\">Er is alleen <span class=\"accent\">v\u00f3\u00f3rinschrijving<\/span> mogelijk. De aanmelding is op volgorde van binnenkomst van het inschrijvingsformulier. Maximaal aantal deelnemers is 110. De minimum leeftijd is 18 jaar.<\/p>\n<p>Inschrijving geschiedt door alle gevraagde gegevens van het inschrijvingsformulier in te vullen (zodra dat formulier wordt opengesteld) en door overmaking van <span style=\"color: #ff0000;\"><strong><span class=\"accent\">\u20ac 55,- o.v.v. je inschrijfnummer<\/span><\/strong><\/span>\u00a0op:<br \/>\n<span class=\"accent\">IBAN NL70 INGB 0002 9200 12<\/span><br \/>\nt.n.v. STICHTING DE BOSSCHE 100<br \/>\nte \u2018S-HERTOGENBOSCH.<\/p>\n<p><em>Voor de <span class=\"accent\">buitenlandse<\/span> deelnemers:<\/em><br \/>\nIBAN NL70 INGB 0002 9200 12 BIC: INGBNL2A<br \/>\nAdres bank: ING bank NV, Amstelveenseweg 500<br \/>\n1081 KL Amsterdam, The Netherlands.<\/p>\n<p><strong><span style=\"color: #ff0000;\">Een andere manier van betalen is niet mogelijk.<\/span><\/strong><\/p>\n<p>Het inschrijfgeld is inclusief de verzorging onderweg, bestaande uit 10 <span class=\"accent\">wagenrusten<\/span> met o.a. warme en koude dranken, brood, fruit en een warme hap. Bij het eerste caf\u00e9 krijgt u soep en een broodje. Bij de andere twee caf\u00e9rusten zijn de consumpties voor eigen rekening. Meegebrachte etenswaren mogen in de caf\u00e9&#8217;s niet worden genuttigd.<\/td>\n<\/tr>\n<tr valign=\"top\">\n<th scope=\"row\">Afmelding<\/th>\n<td colspan=\"2\">Indien men zich afmeldt tenminste 2 weken voor de Bossche 100, houdt het bestuur \u20ac 10,00 administratiekosten in: de rest van het inschrijfgeld wordt teruggestort op de bankrekening van de inschrijver. Dit geldt niet indien men zich minder dan twee weken voor de start af meldt: dan wordt er geen inschrijfgeld teruggestort.<\/td>\n<\/tr>\n<tr valign=\"top\">\n<th scope=\"row\">Tempo<\/th>\n<td colspan=\"2\">De verzorging is afgesteld op een tempo van <span class=\"accent\">min. 6 km\/h en max. 8 km\/h<\/span>. Indien u te langzaam loopt kan de organisatie u verplichten de tocht te staken. Indien u te snel loopt zult u op de caf\u00e9rusten worden opgehouden. Vanaf de drie caf\u00e9rusten wordt gezamenlijk vertrokken.<\/td>\n<\/tr>\n<tr valign=\"top\">\n<th scope=\"row\">Route<\/th>\n<td colspan=\"2\">Ook dit jaar is een nieuwe route uitgezet. Aan de start krijgt u een routebeschrijving. Er is gepijld met zwarte pijlen op geel papier (met gele Bossche 100 linten), dit ter ondersteuning. Voor de wandelaars met een gps wordt de gps-track op de donderdagavond v\u00f3\u00f3r de start opgestuurd.<br \/>\nU dient rekening te houden met een zwaar parkoers, waarin zowel overdag als &#8217;s nachts veel onverharde (modderige) paden zijn opgenomen.<span style=\"color: #ff0000;\"><strong>Vanaf de 37e editie in 2026 zullen we een deel van de route niet meer uitpijlen: je moet de route van 60 tot 75 km (bij daglicht) kunnen lopen via de routebeschrijving en tracklog (gpx-bestand). Zorg dat je dit van tevoren goed hebt beoefend en dat je GPS-apparaat, je smartphone of je horloge de tracklog kan weergeven.\u00a0<\/strong><\/span><\/td>\n<\/tr>\n<tr valign=\"top\">\n<th scope=\"row\">Extreem slecht weer<\/th>\n<td colspan=\"2\">Bij de verwachting van extreme weersomstandigheden (ijzel, zeer dichte mist, sneeuw, extreme kou) waarbij verzorgers en\/of wandelaars gevaar dreigen te lopen,werken we met een noodscenario (met een alternatieve route).<\/td>\n<\/tr>\n<tr valign=\"top\">\n<th scope=\"row\">EHBO<\/th>\n<td colspan=\"2\">Vrijwillige EHBO-ers zullen gedurende de gehele hele tocht aanwezig zijn.<\/td>\n<\/tr>\n<tr valign=\"top\">\n<th scope=\"row\">Veiligheid<\/th>\n<td colspan=\"2\">Voor uw veiligheid is het <span class=\"accent\">verplicht<\/span> gedurende de nacht een duidelijk reflectiehesje te dragen. Geen vestje? Dan kun je bij het startbureau een reflecterend hestje tegen een borg van \u20ac 5,00 te lenen.<br \/>\nVergeet ook niet een <span class=\"accent\">zaklamp of koplamp<\/span>\u00a0mee te nemen, incl. reserve-batterijen.<\/td>\n<\/tr>\n<tr valign=\"top\">\n<th scope=\"row\">Bagage<\/th>\n<td colspan=\"2\">Uw bagage (denk aan droge schoenen, sokken en kleding &#8211; <span class=\"accent\">maximaal 10 kg<\/span>) wordt naar de drie caf\u00e9rusten vervoerd. U dient zelf uw bagage bij de start en de binnenrusten bij de bus te zetten voor verder vervoer.<\/td>\n<\/tr>\n<tr valign=\"top\">\n<th scope=\"row\">Aansprakelijkheid<\/th>\n<td colspan=\"2\">Deelname is <span class=\"accent\">geheel voor eigen risico<\/span>. De deelnemers en de vrijwilligers van de organisatie zijn verzekerd tegen wettelijke aansprakelijkheid door derden volgens de polisvoorwaarden van de kWbN.<\/td>\n<\/tr>\n<tr valign=\"top\">\n<th scope=\"row\" align=\"center\">De beloning<\/th>\n<td>Na volbrenging van deze tocht ontvangt u een echte &#8216;<strong>Bossche Bol<\/strong>&#8216;, een diploma en een B100-plaatje voor je wandelboekje.<\/td>\n<td align=\"center\"><img loading=\"lazy\" decoding=\"async\" class=\"alignright size-full wp-image-80\" src=\"http:\/\/www.bossche100.nl\/wb100p\/wp-content\/uploads\/2016\/09\/bossche-bol.jpg\" alt=\"bossche bol\" width=\"140\" height=\"140\" \/><\/td>\n<\/tr>\n<tr valign=\"top\">\n<th scope=\"row\">Long Distance Walker<\/th>\n<td>Het is mogelijk om twee lusjes extra te lopen vanaf de eerste en tweede hoofdrust: daarmee komt uw totaalafstand boven de 107 km. De Bossche 100 komt dan in aanmerking voor de Long Distance Walker.<br \/>\nVoorwaarde om deze extra kilometers te mogen lopen is dat u zodanig op tijd aanwezig bent bij de start van de extra rondjes, zodat u nog tijd overhoudt om te rusten en zodat u kunt finishen v\u00f3\u00f3r 18.00 uur. Zie voor de tijden pagina 2 van het routeboekje. De organisatie behoudt zich het recht om deelnemers niet meer te laten starten op de extra lusjes.<\/td>\n<td align=\"center\"><img loading=\"lazy\" decoding=\"async\" class=\"alignright size-full wp-image-170\" src=\"http:\/\/www.bossche100.nl\/wb100p\/wp-content\/uploads\/2016\/09\/ldw-knblo_100x135.jpg\" alt=\"ldw-knblo_100x135\" width=\"100\" height=\"135\" \/><\/td>\n<\/tr>\n<\/tbody>\n<\/table>\n<p>&nbsp;<\/p>\n<p>&nbsp;<\/p>\n","protected":false},"excerpt":{"rendered":"<p>Algemene informatie 37e Bossche 100 Vanaf 2026 zal een deel van de Bossche 100 niet meer gepijld zijn. We beginnen voorzichtig, met een traject overdag van ca. 15 km. Ben je nog niet zo handig met de GPS en met gpx-bestanden? Oefen dan nu met deze drie trainingsroutes: GPS-oefenroutes &nbsp; Opening inschrijving Donderdag 30 oktober <a href=\"https:\/\/www.bossche100.nl\/?page_id=14\" rel=\"nofollow\"><span class=\"sr-only\">Lees meer overAlgemene informatie<\/span>[&hellip;]<\/a><\/p>\n","protected":false},"author":1,"featured_media":0,"parent":0,"menu_order":1,"comment_status":"closed","ping_status":"closed","template":"","meta":{"footnotes":""},"class_list":["post-14","page","type-page","status-publish","hentry"],"_links":{"self":[{"href":"https:\/\/www.bossche100.nl\/index.php?rest_route=\/wp\/v2\/pages\/14"}],"collection":[{"href":"https:\/\/www.bossche100.nl\/index.php?rest_route=\/wp\/v2\/pages"}],"about":[{"href":"https:\/\/www.bossche100.nl\/index.php?rest_route=\/wp\/v2\/types\/page"}],"author":[{"embeddable":true,"href":"https:\/\/www.bossche100.nl\/index.php?rest_route=\/wp\/v2\/users\/1"}],"replies":[{"embeddable":true,"href":"https:\/\/www.bossche100.nl\/index.php?rest_route=%2Fwp%2Fv2%2Fcomments&post=14"}],"version-history":[{"count":67,"href":"https:\/\/www.bossche100.nl\/index.php?rest_route=\/wp\/v2\/pages\/14\/revisions"}],"predecessor-version":[{"id":2408,"href":"https:\/\/www.bossche100.nl\/index.php?rest_route=\/wp\/v2\/pages\/14\/revisions\/2408"}],"wp:attachment":[{"href":"https:\/\/www.bossche100.nl\/index.php?rest_route=%2Fwp%2Fv2%2Fmedia&parent=14"}],"curies":[{"name":"wp","href":"https:\/\/api.w.org\/{rel}","templated":true}]}}